s**2 + 14398*s + 201309. Give g(-14).
-67
Let u(m) = 98*m**2 + 6555*m - 723. Give u(-67).
14
Let u(f) = -f**2 - 31882*f + 95644. Determine u(3).
-11
Let z(t) = t**3 - 203*t**2 - 424*t - 13. Determine z(-2).
15
Let h(d) = -d**3 + 360*d**2 - 978*d + 93790. Determine h(358).
-6
Let a(r) = r**3 - 29*r**2 + 153*r - 77. Calculate a(20).
-617
Let n(y) = -25*y**2 + 151*y - 62. Give n(6).
-56
Let d(h) = -2*h**3 - 28*h**2 - 136*h - 37. Give d(-14).
1867
Let m(t) = -210*t**2 - 9853*t + 623. Determine m(-47).
-176
Let w(u) = -6*u**2 - 1121*u + 13199. Determine w(12).
-1117
Let l(y) = -25713*y - 25711. What is l(-1)?
2
Let i(j) = 33*j**2 - 2064*j - 8760. Calculate i(-4).
24
Let d(i) = -i**2 - 31631*i - 505836. Determine d(-16).
4
Let q(k) = -3*k**2 - 14*k - 33. Determine q(-3).
-18
Let m(o) = -8876020*o - 79884180. Calculate m(-9).
0
Let k(b) = -57496*b - 517491. Calculate k(-9).
-27
Let n(z) = 7*z**2 + 813*z + 21603. Calculate n(-75).
3
Let p(n) = 63*n**2 + 3663*n + 86. Determine p(-58).
-436
Let k(y) = -y**3 + 9*y**2 - 358*y + 2106. Determine k(6).
66
Let o(s) = -s**3 + 8*s**2 + 528*s - 7533. Give o(15).
-1188
Let o(d) = -115*d - 9366. What is o(-85)?
409
Let p(u) = u**2 - 24*u - 421. What is p(44)?
459
Let m(u) = -u**3 + 17*u**2 + 145*u + 279. Determine m(20).
1979
Let c(j) = -j**3 - 158*j**2 + 478*j + 26. What is c(3)?
11
Let f(v) = 3*v**2 - 75397*v - 452342. What is f(-6)?
148
Let u(v) = 6*v**3 - 43*v**2 + 4192*v - 24931. What is u(6)?
-31
Let a(o) = -244*o**3 + 2418*o**2 - 5*o. Determine a(10).
-2250
Let u(p) = 3331*p - 7372. What is u(2)?
-710
Let b(c) = -c**2 + 726*c - 27448. What is b(40)?
-8
Let u(n) = -8*n**3 - 227*n**2 + 9077*n + 259026. What is u(-29)?
-2
Let t(g) = -183059*g - 2196709. Determine t(-12).
-1
Let t(x) = 389*x**2 - 2048*x + 125. Determine t(6).
1841
Let b(u) = u**3 + 74*u**2 - 126*u + 1994. What is b(-76)?
18
Let g(r) = 18*r**3 - 18*r**2 + 67*r - 49. Give g(1).
18
Let o(h) = -3*h**3 - 194*h**2 + 274*h + 549. Give o(-66).
-111
Let y(h) = h**3 + 34*h**2 + 115*h + 1358. What is y(-32)?
-274
Let b(m) = -992*m - 5372. Calculate b(-6).
580
Let y(g) = -43*g**2 - 1306*g - 3929. Give y(-3).
-398
Let k(r) = -4*r**2 - 95*r - 266. Determine k(-18).
148
Let n(p) = 6*p**3 + 3*p**2 + 74*p - 147. What is n(2)?
61
Let u(f) = -f**3 + 54*f**2 + 861*f + 126. Calculate u(67).
-544
Let z(p) = -p**2 - 358*p - 9972. Calculate z(-31).
165
Let y(m) = 17*m**2 - 297*m - 1479. What is y(-4)?
-19
Let v(o) = -o**3 + 181*o**2 - 1965*o - 62293. Calculate v(167).
-2
Let b(w) = 53*w**2 + 10678*w + 21152. Calculate b(-2).
8
Let c(y) = 60*y - 40. What is c(-18)?
-1120
Let c(x) = -17859*x - 53611. Calculate c(-3).
-34
Let i(r) = -22*r**2 - 5*r - 68. What is i(5)?
-643
Let t(b) = 6*b**3 - 4*b**2 + 11*b - 107. What is t(7)?
1832
Let b(y) = -246*y + 13205. Give b(52).
413
Let y(m) = m**2 + 725*m - 15635. Calculate y(21).
31
Let j(c) = 5262*c - 84142. Determine j(16).
50
Let d(b) = -5357*b + 626603. Give d(117).
-166
Let m(z) = z**3 + 44*z**2 + 169*z + 5498. Calculate m(-43).
80
Let d(i) = 57*i**2 - 4383*i - 481. What is d(77)?
-19
Let u(q) = -11732*q - 434085. Determine u(-37).
-1
Let u(d) = d**2 + 36106*d + 901724. Determine u(-25).
-301
Let h(d) = 211*d - 227717. Determine h(1079).
-48
Let f(u) = -1167*u - 771420. Calculate f(-661).
-33
Let n(c) = 495776*c - 1487332. Calculate n(3).
-4
Let v(f) = f**3 + 49*f**2 + 233*f - 299. Give v(-44).
-871
Let a(q) = 664*q - 20075. Calculate a(30).
-155
Let p(t) = 63*t**2 + 232*t - 12. Determine p(-4).
68
Let m(r) = r**3 + 116*r**2 - 201*r + 18848. Determine m(-119).
284
Let o(v) = -57*v - 6162. Determine o(-100).
-462
Let m(o) = 933*o + 32414. Give m(-35).
-241
Let j(q) = -76*q**3 + q**2 + 130*q - 259. Calculate j(2).
-603
Let w(x) = -118139*x + 1063270. Give w(9).
19
Let s(v) = -16*v**2 - 45*v - 911. Determine s(-12).
-2675
Let o(m) = 14*m**2 + 539*m - 7180. Determine o(-50).
870
Let k(p) = -50*p**2 + 86*p - 146. What is k(5)?
-966
Let u(b) = 117*b + 14225. What is u(-126)?
-517
Let b(g) = -g**3 - 61*g**2 + 1627*g - 147. What is b(20)?
-7
Let i(m) = -601*m + 72259. Determine i(118).
1341
Let q(b) = -3*b**3 + 2*b**2 + 18*b + 52. Give q(11).
-3501
Let y(d) = d**3 + 71*d**2 - 57*d - 13448. Give y(-69).
7
Let i(s) = 10*s**2 - 48*s - 360. What is i(-10)?
1120
Let a(n) = 4925*n - 4151771. What is a(843)?
4
Let c(b) = 109*b**3 + 1417*b**2 + 494*b + 6428. Give c(-13).
6
Let w(q) = 15*q**2 - 10609*q - 53126. Give w(-5).
294
Let c(n) = -632*n + 107430. What is c(170)?
-10
Let l(o) = -o**2 - 1013*o - 197705. What is l(-264)?
31
Let b(o) = -o**2 + 576*o - 5784. Calculate b(11).
431
Let c(z) = -308*z**2 + 51519*z + 51520. Calculate c(-1).
-307
Let n(o) = 771749*o + 771741. Determine n(-1).
-8
Let a(c) = -14*c + 2529. What is a(174)?
93
Let v(u) = -24*u**2 - 453*u - 1853. What is v(-6)?
1
Let c(h) = 162*h - 12888. Give c(79).
-90
Let r(h) = 282*h - 7107. Calculate r(30).
1353
Let u(i) = -3*i**2 - 292*i + 5018. Calculate u(-112).
90
Let v(t) = 62475*t - 62492. Calculate v(1).
-17
Let g(i) = -i**2 + 1121*i - 280028. Give g(376).
92
Let f(l) = 10*l**2 + 481*l - 4915. Calculate f(11).
1586
Let f(t) = 12477*t - 74914. What is f(6)?
-52
Let q(a) = 3*a**2 + 86*a - 922. Calculate q(-38).
142
Let v(q) = -5504*q + 33034. Determine v(6).
10
Let j(r) = -1056*r - 50718. Give j(-48).
-30
Let l(u) = -4*u**3 + 63*u**2 + 145*u - 1009. What is l(17)?
11
Let r(x) = 195*x**3 + 184*x**2 + 16*x + 3. Determine r(-1).
-24
Let z(f) = 100437*f + 401745. Calculate z(-4).
-3
Let g(y) = -y**3 + 22*y**2 + 527*y - 11314. Determine g(22).
280
Let w(n) = 4*n**2 - 6703*n - 53704. Give w(-8).
176
Let p(f) = 5843*f - 244106. Determine p(42).
1300
Let q(r) = -2152*r + 4310. What is q(2)?
6
Let s(v) = 254*v - 1077. Give s(11).
1717
Let w(x) = 51*x**2 + 41*x - 101. Calculate w(1).
-9
Let r(a) = -2*a**3 + 43*a**2 + 998*a + 54. What is r(-14)?
-2
Let o(i) = 2878*i - 31837. Determine o(13).
5577
Let t(q) = -5328*q - 47411. Calculate t(-9).
541
Let k(s) = 6*s**3 - s**2 - 7*s + 80. Give k(6).
1298
Let j(h) = 209265*h - 3138985. Determine j(15).
-10
Let h(o) = -o**3 + 76*o**2 + 474*o - 46089. Calculate h(74).
-61
Let x(u) = -260*u + 383. Give x(5).
-917
Let k(t) = -6*t**2 - 354*t + 4131. Determine k(10).
-9
Let z(r) = 65*r**2 - 1059*r + 1346. Give z(15).
86
Let u(n) = 9975*n + 169569. What is u(-17)?
-6
Let n(h) = -h**3 - 36*h**2 - 141*h + 69. Calculate n(-32).
485
Let b(k) = 3*k**3 - 11*k**2 + 2353*k - 11799. Determine b(5).
66
Let h(y) = -6*y**2 - 408*y - 1449. What is h(-64)?
87
Let d(j) = -j**2 - 3066*j + 15326. What is d(5)?
-29
Let j(m) = 9*m**2 - 627*m + 3652. Calculate j(6).
214
Let s(f) = 116*f - 6471. What is s(52)?
-439
Let s(a) = -63*a**2 + 10*a + 21. What is s(-1)?
-52
Let u(h) = 9*h**2 + 1621*h + 11176. Determine u(-7).
270
Let j(k) = -748*k - 44048. What is j(-59)?
84
Let q(x) = 106*x + 64541. Give q(-609).
-13
Let h(g) = -2*g**2 - 452897*g - 1358702. Calculate h(-3).
-29
Let l(n) = 79*n - 2458. Give l(16).
-1194
Let s(u) = -13847*u + 1218542. What is s(88)?
6
Let v(u) = u**3 - 7*u**2 - 23*u + 160. Calculate v(8).
40
Let w(c) = -25*c**3 + 12*c**2 + 2*c - 90. Calculate w(-3).
687
Let r(w) = -2*w**3 + 904*w**2 + 1810*w + 2707. Calculate r(454).
-17
Let y(n) = -n**3 - 38*n**2 + 126*n - 90. What is y(-42)?
1674
Let x(w) = -652*w + 195095. What is x(299)?
147
Let z(d) = 26*d**2 + 321*d + 1029. Give z(-4).
161
Let g(s) = -19504*s - 1970025. Determine g(-101).
-121
Let q(c) = c**3 - 124*c**2 - 205*c - 23539. Determine q(127).
-1187
Let g(a) = -a**3 - 13*a**2 + 37*a + 607. Determine g(-12).
19
Let v(q) = -68423*q - 10947667. Give v(-160).
13
Let y(f) = 19*f + 1310. Calculate y(-34).
664
Let f(i) = i**2 - 931*i + 10116. Give f(11).
-4
Let q(s) = 1509*s + 42403. Calculate q(-28).
151
Let o(b) = 3110*b - 27954. Determine o(9).
36
Let n(p) = p**3 - 25*p**2 + 80*p - 1357. Give n(24).
-13
Let a(g) = 29664*g + 177792. Calculate a(-6).
-192
Let s(u) = 14*u**3 + 35*u**2 + 11*u - 46. Calculate s(1).
14
Let r(m) = 3138*m - 106622. Give r(34).
70
Let x(c) = 3*c**3 - 593*c**2 - 360*c + 32046. What is x(198)?
-30
Let n(r) = r**3 + 92*r**2 + 716*r - 11194. What is n(-18)?
-106
Let h(n) = 59*n**2 + 973*n - 975. Calculate h(1).
57
Let b(t) = 3*t**2 - 23*t - 1890. What is b(-24)?
390
Let r(u)